3, 19
Suppose -5*s = 5*q, -2*s = -2*q + 3*q - 5. Suppose 5*t - 2*j - 1208 = 384, 4*t - 1260 = s*j. List the prime factors of t.
2, 5
Let w(o) = -53*o**3 + o**2 - 2*o. Let i be w(-2). Let s = 691 - i. Suppose -2*c + 9*c = s. What are the prime factors of c?
37
Let v = 95 + -97. Let k be (4 - (-18)/v) + -1. List the prime factors of 9/((-27)/k) - (0 - 181).
3, 61
Let q(c) = -c**2 - 26*c + 5. Let n be q(-26). Suppose -10*j + 25 = n. What are the prime factors of j?
2
Suppose -41 = -3*q - 71. Let b be (38/95)/(-1*1/q). Let y(n) = 9*n**2 + 4*n - 14. What are the prime factors of y(b)?
2, 73
Suppose 12 = 5*g - 13. Suppose 2*p - 3*i + 1 = 0, 4*i = -g*p + 9*i. What are the prime factors of 4/4 + p*(95 - 2)?
2, 47
Let m = -25 + 22. Let d be (-4)/7 + (864/(-14))/m. List the prime factors of (-307)/d*-5 - 1/(-4).
7, 11
Let g(h) = 60 + 85 + 10*h + 16*h - 116. List the prime factors of g(13).
367
Let f(g) = 4798*g**2 - 16*g. List the prime factors of f(-2).
2, 3, 89
Let u be (20/16)/((6/704)/(-3)). Let m = u + 1040. Suppose 6*i = 3*i + m. What are the prime factors of i?
2, 5
Let q(d) = 4*d**3 + 19*d**2 - 8*d - 12. Let p be q(-5). Suppose 0*t + 5*t = -p*c + 2988, -4*t - 2*c = -2392. List the prime factors of t.
2, 3, 5
Let r be 4 + 0/2 - (11 - -676). Let k = r + 1590. What are the prime factors of k?
907
Suppose -9*n + 63 = 12*n. Suppose -151 - 440 = -n*a. List the prime factors of a.
197
What are the prime factors of (1*(-9)/(-12))/(17/(-1023400)*-10)?
3, 5, 7, 43
Suppose 0 = 3*k - i - 18, 3*k - 8*i + 13*i = 18. Suppose k*b - 8635 = -5*a + 2*b, -1703 = -a + 4*b. List the prime factors of a.
1723
Suppose 19*k + 495442 = 81*k. What are the prime factors of k?
61, 131
Let n = 43 + -39. Suppose -4*x = -8*x + r + 20, 0 = 2*x + 3*r + n. Suppose b - 4*b - q = -517, 706 = x*b - 2*q. What are the prime factors of b?
2, 3, 29
Let d = -7973 + 18759. What are the prime factors of d?
2, 5393
Let p(b) = -b**3 - 42*b**2 - 41*b + 21. Let o be p(-41). Suppose o*h = -17*h + 33060. List the prime factors of h.
2, 3, 5, 29
Suppose 18*t + 16884 = 54*t. List the prime factors of t.
7, 67
What are the prime factors of (-3 + 2)/((-119924)/29980 + 4)?
5, 1499
Suppose 3*f + x = -228, 4*f + 3*x + 7 = -297. Let q be (f/3)/((-5)/30). Let j = q - 68. List the prime factors of j.
2, 3, 7
Suppose 0 = 48*v + 31*v - 337962. Suppose 2*s + 2*i + 10695 = 7*s, 2*s + i = v. What are the prime factors of s?
3, 23, 31
Let s(p) = -288*p + 75. Let d be 1 + -10*7/14. What are the prime factors of s(d)?
3, 409
Let m = 21918 + -14094. List the prime factors of m.
2, 3, 163
Let k(v) = 28*v + 121. Let w be k(-4). Suppose -3*x + 2*o + 1739 = w, 3*o + 565 = x. What are the prime factors of x?
2, 5, 29
Let v = 18468 + -11980. List the prime factors of v.
2, 811
Let y = -26830 + 55496. List the prime factors of y.
2, 11, 1303
Let t(g) = 78*g - 117. Let i(h) = -39*h + 59. Let w(x) = -5*i(x) - 2*t(x). List the prime factors of w(8).
251
Let r = 38 - 36. Suppose -5*m + 12 = 3*u, -2*u - r*u = m - 16. Let h(j) = j + 193. List the prime factors of h(m).
193
Let z(o) = -31*o**3 + 3*o + 4. Let w be z(-1). List the prime factors of 80/w*(-1)/(-5)*576.
2, 3
Let w be (-63)/(-14) + (-6)/(-4). Let x be 21 - (-9)/w*-2. What are the prime factors of (-1 - (0 + 5))*(-34 + x)?
2, 3
Let i(w) = -25*w + 7*w**2 + 23*w**2 - 22*w**2 - 31. List the prime factors of i(10).
3, 173
What are the prime factors of 41/(6765/4789800) - 3/33?
7, 11, 13, 29
Suppose 2*t = 4 + 6. Suppose -t*y + 2*b + 25 = 0, -5*y + 2*b + 30 = -b. Suppose 2*o - 208 = -y*h, 2*h - 5*o + 350 = 7*h. List the prime factors of h.
2, 17
Suppose -q + 7 = 0, 226*q - 19664 = -3*x + 224*q. List the prime factors of x.
2, 5, 131
Let w = -1964 - -3950. Let i = w - 975. List the prime factors of i.
3, 337
Let u = -8684 - -21760. List the prime factors of u.
2, 7, 467
Let r(c) = c**3 + 10*c**2 - 33*c + 28. What are the prime factors of r(19)?
2, 3, 5, 7, 47
Suppose 3*n = -2*b - 5, -2*b - 7 = 4*n + b. Let x be (n + -8)*(5/(-3) - -2). Let w(h) = -h**3 - 2*h**2 - 3*h + 2. List the prime factors of w(x).
2, 5
Suppose -7*t - 5*t = -6*t - 82122. List the prime factors of t.
13687
Let x(k) = -k + 1. Let o(l) = 2*l**2 + 12*l - 11. Let d(n) = o(n) + 6*x(n). Let c be d(-4). Suppose -5 = -c*g + 10, g - 231 = -2*u. List the prime factors of u.
113
Let w = -27 + 8. Let h = 52 + w. Let y = 134 - h. List the prime factors of y.
101
What are the prime factors of (-5 + -7 - -13057) + 11?
2, 3, 17
Suppose 10678 - 28845 = -15*j + 57448. What are the prime factors of j?
71
What are the prime factors of 51/10 + -5 - 845744/(-160)?
2, 3, 881
Suppose 0 = 4*w + 3*h + 43, -3*w - 5*h - 39 = -w. Let m(j) = -j**2 - 8*j - 2. Let i be m(w). List the prime factors of 187 + (3 - (i + -4)).
3, 7
Let f(q) = q**2 + 29*q + 7. Let x be f(14). Let r = -450 + x. What are the prime factors of r?
3, 53
Suppose -12*s + 136 = -1688. Suppose 3*y - 11*y + s = 0. What are the prime factors of (y/5 - -3 - 2)*5?
2, 3
Let q = -11 + 20. Suppose -2*v + 3*k = -2449, 16*v + 4*k = 17*v - 1212. Suppose g = q*g - v. What are the prime factors of g?
2, 7, 11
Let i be ((-110)/(-150) - (-2)/(-5))*6. Suppose 4*z + i*d = 558, 4*z - 543 = -4*d + 5*d. Suppose -4*k = -673 + z. List the prime factors of k.
2, 67
Let t(o) be the first derivative of o**2/2 + 79*o - 5. What are the prime factors of t(-7)?
2, 3
Let w(u) = 8439*u - 6. Let l be w(1). Suppose 17*k - l = 16200. List the prime factors of k.
3, 7, 23
Let z be (-10)/(-2) - 0/(-4 + 0). Let a be (-9 - -2)/(-1) + -2. Suppose 0 = -z*m - a*u - 68 + 253, m = -5*u + 49. List the prime factors of m.
2, 17
Let z(r) = -r**3 - 26*r**2 + 13*r - 106. List the prime factors of z(-33).
2, 443
Let y = -2945 - -11866. List the prime factors of y.
11, 811
List the prime factors of (40 + 1)/((-74320)/4955 - -15).
41, 991
Let w be (-5 + 9)*-22*2. Let n be -69*4 - (5 - 4). Let f = w - n. List the prime factors of f.
101
Let t(w) = w**3 + 111*w**2 + 7*w - 434. What are the prime factors of t(-108)?
2, 16901
Let u(o) = o**2 + 16*o + 8. Let c(h) = -16*h - 8. Let n(b) = 2*c(b) + 3*u(b). Let p = -53 - -47. List the prime factors of n(p).
2, 5
Suppose 5*z - 6 = 2*z, 5*j - 59 = 3*z. Suppose 0 = 6*h + 7*h - j. Let c(i) = 67*i**3 - 2*i + 2. List the prime factors of c(h).
67
Suppose -3*w + 3*r = -3018, 4*w + 410 - 4433 = 3*r. Suppose -5*l + 407 + 633 = 5*t, 5*t - 2*l = w. List the prime factors of t.
7, 29
Let v(q) = q**3 + 111*q**2 - 135*q - 1033. What are the prime factors of v(-111)?
2, 109
Let i be (-8)/(((-10)/(-25))/2). Let o be 5942/3 + 2 + i/15. Suppose 6*l = 17*l - o. List the prime factors of l.
2, 3, 5
Suppose 13*i - 15*i = -4*n - 3702, 0 = -n + 5*i - 921. Let a = -571 - n. What are the prime factors of a?
5, 71
Let k = 59426 - -24014. List the prime factors of k.
2, 5, 7, 149
Let t = 8530 - -4964. What are the prime factors of t?
2, 3, 13, 173
Suppose 14*k - 15 - 27 = 0. Suppose 329 + 208 = k*p. What are the prime factors of p?
179
Let v be 2*(133/6 + (-1)/(-3)). Suppose v = -3*o - 2*o. What are the prime factors of 65 + -2 + 9 + o?
3, 7
Suppose 24*d = -12*d + 39420. List the prime factors of d.
3, 5, 73
Let f = 4328 - 2039. What are the prime factors of f?
3, 7, 109
Let t(p) be the first derivative of -p**4/4 - 2*p**3/3 - 3*p**2 - 7*p + 4. Let x be t(-3). Suppose -4*u = -x, -3*g + 5*u + 79 = g. List the prime factors of g.
2, 13
Suppose 0 = -9*j + 15*j - 570. Let b = j - -17. What are the prime factors of b?
2, 7
Let d(s) = 5*s**2 - 64*s + 1529. List the prime factors of d(55).
2, 3, 11, 199
Let n(m) = -m**3 - 3*m**2 + 7*m + 20. Let u be (-185)/15 + 1/3. Let d be n(u). Suppose -2*i - 12*i = -d. What are the prime factors of i?
2, 11
Let u = -22 + 50. Let c = 3 - u. List the prime factors of 6/10 - (4 + 1210/c).
3, 5
Let x(q) = -8*q**3 - q**2 + 3*q + 5. Let u = -21 + 18. List the prime factors of x(u).
7, 29
Suppose -8*f - 69234 = -2*c, 78861 = -5*c - 3*f + 252153. What are the prime factors of c?
3, 11551
Suppose 11*l - 29427 = -6*l. List the prime factors of l + -85 + 1*3.
17, 97
Suppose l = z - 7, 2*l - 30 - 12 = -5*z. Let t(d) = 8*d**2 - 11*d + 13. What are the prime factors of t(z)?
19, 23
Let z(v) = 40*v**2 - 346*v - 29. List the prime factors of z(13).
7, 11, 29
Let l be -8 - (3 + (-5 - 